test common divisor of 33 and p?
3
Let w be (-6)/4 + (-477)/(-18). Calculate the greatest common factor of 5 and w.
5
Suppose -2*d + 4*d = -2. Let t be d/(-2) - 428/(-8). Suppose v + v = 18. Calculate the greatest common factor of v and t.
9
Suppose -59 - 91 = -5*r. Calculate the greatest common factor of 15 and r.
15
Suppose 3*b + 16 = -5. Let u(q) = q + 8. Let r be u(b). What is the highest common divisor of r and 1?
1
Suppose 0 = -12*f + 186 - 78. Let n = 95 - 32. What is the highest common factor of f and n?
9
Suppose 279 = x + 2*x. Let d = x + -42. Suppose -33 = -4*f + d. What is the greatest common divisor of f and 3?
3
Suppose -57 - 39 = -3*i. What is the greatest common factor of 8 and i?
8
Suppose 2*f + 13 = -2*t - 3*f, -3 = -3*t - 3*f. Calculate the highest common divisor of 18 and t.
6
Let i(y) = -y**2 + 7*y + 16. Let r be i(7). Calculate the greatest common factor of 64 and r.
16
Suppose 2*s - k = 52 + 170, 5*k + 560 = 5*s. Let d = 116 - 68. Suppose -4*w + 3*m + d = -m, m + 22 = 2*w. What is the highest common factor of w and s?
10
Suppose w = 16 + 20. Suppose 0 = 2*b + 2*b - w. Let i = 25 + 20. Calculate the greatest common factor of b and i.
9
Let u = -18 + 47. Let s be ((-9)/12)/((-2)/(-8)). Let a = s + u. What is the highest common factor of 39 and a?
13
Suppose -z - 4*u + 0*u = 14, -5 = u. Calculate the greatest common divisor of 6 and z.
6
Let r(t) be the third derivative of -t**6/60 + t**4/24 - t**3/6 + 5*t**2. Let n be r(-2). Calculate the greatest common factor of 13 and n.
13
Suppose 3*g - 5*m = 17, -m + 6 = 3*g - 5. Suppose -g*j + 35 = 11. What is the greatest common divisor of 4 and j?
2
Let n be -6*(2 - (-7)/(-3)). Let y = n - 2. Suppose -3*f + 15 + 66 = y. Calculate the greatest common factor of 18 and f.
9
Let u be 1/(-2 - 4/(12/(-7))). What is the greatest common factor of 15 and u?
3
Suppose -3*p + 4 - 1 = 0. Let f be (p + 43)*5/10. Calculate the highest common factor of f and 2.
2
Let u be 3 - (-1)/(3/(-78)). Let g = u + 34. Calculate the greatest common divisor of 11 and g.
11
Let t be 3*55*6/5. Let k be ((-2)/6)/(2/(-132)). Calculate the highest common divisor of k and t.
22
Suppose -j + 8 = -154. What is the highest common divisor of 18 and j?
18
Let v(m) = -6*m + m + 2 - 3. Let o be (-86)/18 - (-32)/(-144). Let j be v(o). What is the greatest common factor of 6 and j?
6
Suppose 0*y - 326 = -4*i - y, -5*i = -y - 403. Let w(g) = -2*g**2 - 68*g + 54. Let c be w(-34). Calculate the highest common factor of c and i.
27
Let p be (-1 - -2)/(2/22). What is the greatest common divisor of 11 and p?
11
Suppose 169 = 4*w + 49. Let i = 118 + -43. Calculate the greatest common factor of i and w.
15
Suppose 2*a + 8 = -3*n, 5*a - 30 = n + 4*n. Calculate the greatest common divisor of a and 10.
2
Let z(g) = 3*g**2 - 2*g - 9. Let q be z(5). Let m be q - 7 - (0 + -1). What is the greatest common factor of m and 20?
10
Let n = 4 - 8. Let c be 36/8*n/6. Let i = 13 + c. What is the greatest common divisor of 80 and i?
10
Suppose 5*u + 3*f - 871 = 0, 5*u - 314 = f + 569. Calculate the greatest common divisor of u and 16.
16
Let t(j) = -j**3 - 15*j**2 - 32*j. Let b be t(-13). Calculate the highest common divisor of b and 52.
26
Let r(p) = p**2 - 4*p + 3. Let q be r(3). Suppose q*h + 6 = h. Calculate the greatest common divisor of 42 and h.
6
Let x(c) be the second derivative of -14*c**3/3 + 3*c**2 + 7*c. Let k be x(-3). Calculate the highest common divisor of 18 and k.
18
Let y be (-2)/(-3)*3 + -2. Suppose y = 5*o + k - 204, -16 + 0 = -4*k. Let d be (-4)/(-7)*(23 - 9). Calculate the greatest common divisor of o and d.
8
Let i(b) = b**3 + 6*b**2 - 3*b + 2. Let z be i(-5). Suppose 2*f = -2*f - 12. Let l be (-18)/2*2/f. What is the greatest common factor of z and l?
6
Suppose -j = 5*l - 6*j - 40, 0 = -5*l - 5*j. Suppose 7*t - t = 36. What is the greatest common factor of t and l?
2
Suppose 4*y = f - 35, 2*f - 5*y - 26 - 38 = 0. Calculate the greatest common factor of f and 297.
27
Suppose o + 5*z - 34 = 0, -2*o - 3*z = -5*o + 12. What is the highest common divisor of o and 36?
9
Let t = 74 + -54. What is the greatest common factor of t and 200?
20
Suppose 3*w - 3 = 3*l, w - 6*w + 2*l = -14. Suppose 0 = 7*j - w*j - 180. What is the highest common divisor of j and 15?
15
Let i be (-5 - -4)/(2/(-170)). Let k be 0*(-3)/(-9) - -17. What is the highest common divisor of i and k?
17
Let b = 76 - -1. Let w be b - (-2 + (-2 - -2)). Suppose -107 = -0*o - 5*o + 3*a, -4*a + w = 5*o. What is the highest common factor of o and 171?
19
Let c = 12 + -12. Suppose -t + 72 + 3 = c. Calculate the highest common divisor of t and 25.
25
Suppose -5*d + 6 = 1. Let r be (d - 81/12)*-28. Let u = r - 71. Calculate the highest common divisor of u and 10.
10
Let h be 2 - (0 + -23 - -1). Suppose 0 = -2*l + l + 2, 5*p + l - 242 = 0. Let g be (3/(-2))/((-6)/p). What is the highest common divisor of h and g?
12
Let v be (-1 - -4) + (-105)/(-5). Let z be (-16)/v + 1354/6. Suppose 0 = 4*x + x - z. What is the highest common divisor of 5 and x?
5
Suppose 2*d + 2*q - 518 = -2*q, 4*q = -3*d + 773. Let l = d - 147. Calculate the greatest common factor of l and 27.
27
Let d be (18/7)/(3/21). Let t be (d - 1) + 1/(-1). Calculate the highest common divisor of 16 and t.
16
Let f = -55 + 171. Suppose 0 = 2*j - 2*t - f, 2*j + 2*t + 2*t = 104. What is the greatest common factor of 8 and j?
8
Suppose 0 = 5*y + 2*v - 130, -v = 4*y - 4*v - 104. What is the highest common divisor of 208 and y?
26
Let k = 359 + -149. Suppose f + 3*p = -3*f + 168, k = 5*f + p. What is the highest common factor of 6 and f?
6
Let w(r) = 2*r**2 + 4*r - 2. Let v(h) = -h**3 - h**2 - 4*h + 2. Let y(c) = -2*v(c) - 3*w(c). Let g be y(4). What is the greatest common divisor of g and 20?
10
Suppose 0 = 2*q - q - 40. Suppose 8 = -2*s, -2*f + 0 + 4 = 4*s. What is the highest common factor of f and q?
10
Let a(j) = j + 1. Let q(b) = -4*b - 5. Let k(y) = 6*a(y) + q(y). Let t be k(6). What is the greatest common factor of 117 and t?
13
Let l(h) = -h**3 - 7*h**2 + h - 20. Let b be l(-8). What is the greatest common factor of 9 and b?
9
Let c = -23 + 33. Let l = 13 - c. Calculate the highest common divisor of l and 3.
3
Let d(g) = -g**2 - 6*g + 7. Let k be d(-6). What is the greatest common divisor of 1 and k?
1
Let k = -559 - -934. Let z = -133 + k. Calculate the greatest common factor of 22 and z.
22
Let o = -41 + 4. Let x = o - -81. Suppose -4*y + 23 = 7. What is the greatest common divisor of y and x?
4
Let j be 32/(-6) - (-12)/(-18). Let h be (j/2)/(3/18). Let y = h + 34. Calculate the highest common factor of 144 and y.
16
Let m(g) = g - 3. Let o(j) = j - 1. Let c(y) = m(y) + 2*o(y). Let h be c(4). Let w be ((-5 - -3) + 3)*7. What is the highest common factor of w and h?
7
Let h = -4 - 0. Let r be 1 - (-13 + (-2 - h)). Suppose 0 = -6*s + 4*s + 8. What is the highest common divisor of r and s?
4
Suppose r = 3*r - 2. Let p = -1 + r. Suppose p*x + x = 33. Calculate the greatest common factor of x and 11.
11
Let y = 10 - 8. Suppose 0*r + 44 = 4*r + 5*a, -r + 26 = 5*a. Let m be 27/12*16/r. What is the highest common divisor of y and m?
2
Let k(s) = -s + 9. Suppose 0 = 2*h - 3 + 1, 4*t - 26 = 2*h. Let r be k(t). What is the highest common divisor of 2 and r?
2
Let f be 9*2/(-15)*-5. Let p be f/(-15) - (-6204)/10. Suppose 0*n - 4*n - 2*g = -470, -5*n + 4*g + p = 0. What is the greatest common divisor of 15 and n?
15
Suppose -3*c = -29 - 88. Suppose z = -3*s + 92 - c, 66 = 4*s - z. What is the highest common factor of 187 and s?
17
Suppose 0 = -4*p - 4*j + 92, p = -p - 3*j + 41. Let c be (-1 + 5/(-2))*-2. What is the highest common divisor of c and p?
7
Let m = -3 - -8. Suppose -4*g = -2 - 14. Suppose q = -g*q - 4*s + 38, -3*q + 4*s + 42 = 0. What is the highest common factor of q and m?
5
Let g be 0/(-5) + 1*13. Suppose 3*a = -5*u + 78, 0*u - 26 = -a - 5*u. Suppose -o + a + 11 = q, 2 = -q. Calculate the highest common factor of g and o.
13
Suppose z + 0*z - 10 = 5*h, -4 = 2*z + 2*h. Suppose 2*m - 260 = -z*m. Calculate the highest common factor of 52 and m.
26
Let i be (-82)/(-7) - (-4)/14. Let z = 21 - i. What is the greatest common factor of z and 27?
9
Let a be (-3 - -2)*0/(-3). Suppose a = j - 2 - 3, -56 = -s - 4*